t is the greatest common factor of 157541 and 771?
257
What is the greatest common factor of 14014 and 1323?
49
Calculate the highest common divisor of 4 and 1055708.
4
Calculate the highest common factor of 1092 and 23784.
12
Calculate the greatest common factor of 20953 and 23.
23
What is the greatest common divisor of 28950 and 285?
15
What is the greatest common divisor of 11 and 30701?
11
Calculate the greatest common factor of 16 and 34416.
16
What is the highest common divisor of 13233 and 20526?
33
What is the greatest common divisor of 197100 and 146?
146
Calculate the greatest common divisor of 10854 and 5762.
134
What is the greatest common factor of 65 and 63505?
65
What is the highest common factor of 154580 and 420?
20
Calculate the greatest common divisor of 1350 and 18045.
45
Calculate the greatest common factor of 257751 and 312.
39
What is the greatest common factor of 200 and 18100?
100
What is the greatest common factor of 170 and 217660?
10
Calculate the greatest common factor of 16000 and 72750.
250
What is the greatest common divisor of 181 and 2559883?
181
Calculate the highest common divisor of 1921752 and 738.
738
Calculate the highest common divisor of 8 and 7895.
1
What is the highest common factor of 340 and 28628?
68
Calculate the highest common factor of 7133 and 14.
7
Calculate the greatest common factor of 4 and 6241.
1
Calculate the highest common divisor of 14217 and 651.
21
What is the greatest common factor of 17748 and 7650?
306
What is the highest common factor of 462 and 92246?
154
Calculate the highest common factor of 8 and 12346.
2
Calculate the highest common factor of 1908 and 7.
1
Calculate the greatest common divisor of 9355089 and 46.
23
What is the greatest common factor of 8748 and 96?
12
What is the greatest common factor of 639958 and 114?
38
Calculate the greatest common divisor of 139020 and 490.
70
What is the greatest common factor of 468786 and 948?
474
Calculate the greatest common factor of 8866 and 54626.
286
Calculate the highest common factor of 702 and 144807.
39
Calculate the highest common divisor of 5800 and 638.
58
Calculate the highest common divisor of 5436 and 48.
12
What is the highest common factor of 756 and 2800035?
189
What is the greatest common factor of 85920 and 15?
15
What is the greatest common factor of 13 and 263861?
13
What is the highest common factor of 1015 and 8505?
35
Calculate the highest common divisor of 1043 and 24138.
149
Calculate the greatest common divisor of 54205 and 555.
185
What is the greatest common factor of 210 and 87297?
21
Calculate the highest common factor of 159126 and 1518.
66
Calculate the greatest common divisor of 364136 and 23.
23
Calculate the highest common divisor of 61830 and 8910.
270
Calculate the highest common factor of 14194 and 1208.
302
What is the highest common factor of 261976 and 1222?
26
Calculate the greatest common factor of 360 and 19215.
45
What is the greatest common factor of 12272 and 1573?
13
What is the highest common divisor of 2296 and 72652?
164
Calculate the highest common divisor of 2176 and 376992.
544
What is the highest common factor of 728480 and 7540?
580
Calculate the greatest common factor of 4148 and 102.
34
Calculate the highest common factor of 9378 and 306.
18
What is the greatest common factor of 8522484 and 12?
12
Calculate the highest common factor of 18395 and 715.
65
Calculate the greatest common factor of 2667267 and 9.
9
What is the highest common divisor of 1160 and 112230?
290
What is the highest common divisor of 26820 and 7320?
60
What is the highest common factor of 52 and 88387?
13
Calculate the greatest common factor of 1325 and 55975.
25
Calculate the highest common divisor of 1829 and 2596.
59
What is the greatest common factor of 480 and 128560?
80
Calculate the greatest common divisor of 8 and 87096.
8
What is the highest common factor of 42850 and 350?
50
Calculate the highest common factor of 324421 and 439.
439
Calculate the greatest common divisor of 2795 and 91.
13
Calculate the greatest common factor of 150 and 3650.
50
What is the greatest common divisor of 8112 and 70512?
624
Calculate the highest common factor of 80 and 4990760.
40
What is the greatest common factor of 111265 and 88?
11
Calculate the highest common divisor of 759 and 5397.
3
What is the highest common divisor of 647003 and 119?
119
What is the highest common divisor of 143905 and 85?
85
Calculate the greatest common divisor of 1386 and 95130.
126
What is the greatest common factor of 11895 and 1235?
65
Calculate the greatest common factor of 13 and 29299582.
13
Calculate the highest common divisor of 112 and 1048964.
28
Calculate the highest common factor of 7092 and 2094.
6
Calculate the highest common divisor of 30742 and 5662.
38
Calculate the highest common divisor of 480 and 126470.
10
Calculate the highest common factor of 357 and 151266.
51
Calculate the highest common factor of 138057 and 17.
17
What is the highest common factor of 79992 and 88?
88
Calculate the greatest common divisor of 3411279 and 57.
57
What is the highest common divisor of 346 and 377?
1
Calculate the highest common divisor of 8189 and 171.
19
What is the highest common divisor of 78620 and 30?
10
What is the highest common factor of 76682 and 69?
23
Calculate the greatest common divisor of 77 and 8734.
11
Calculate the greatest common factor of 3186114 and 522.
174
What is the highest common divisor of 674081 and 1203?
401
What is the highest common factor of 74018 and 952?
238
Calculate the greatest common divisor of 42475 and 75.
25
What is the highest common factor of 297 and 4752?
297
What is the highest common factor of 362731 and 31?
31
What is the highest common divisor of 371944 and 200?
8
What is the greatest common divisor of 413 and 41279?
7
What is the highest common divisor of 120 and 348780?
60
What is the greatest common factor of 26473 and 23?
23
Calculate the highest common factor of 4343 and 47672.
101
Calculate the greatest common factor of 806674 and 518.
74
Calculate the highest common factor of 14 and 355754.
14
What is the highest common factor of 5750 and 16360?
10
Calculate the highest common factor of 11039 and 2261.
133
What is the greatest common divisor of 909 and 3737?
101
Calculate the highest common divisor of 22470 and 3598.
14
What is the greatest common factor of 178647 and 1974?
987
What is the greatest common divisor of 466422 and 11?
11
What is the greatest common factor of 1156 and 170816?
68
Calculate the greatest common factor of 604 and 6493.
151
What is the highest common factor of 12920 and 3315?
85
Calculate the highest common factor of 192 and 538872.
24
Calculate the highest common factor of 6280 and 1020.
20
Calculate the highest common factor of 57569 and 92.
23
What is the highest common divisor of 6123275 and 775?
775
What is the greatest common divisor of 266789 and 16809?
431
What is the highest common factor of 6354 and 3348?
18
What is the highest common factor of 592965 and 45?
45
Calculate the highest common factor of 36 and 17463096.
36
Calculate the highest common divisor of 32402 and 4828.
34
Calculate the greatest common factor of 75 and 175025.
25
What is the highest common factor of 6948162 and 207?
207
What is the highest common divisor of 31010 and 22593?
443
What is the greatest common divisor of 19263566 and 686?
686
Calculate the highest common factor of 112014 and 28.
14
Calculate the greatest common divisor of 1155 and 15323.
77
What is the greatest common factor of 13 and 235651?
13
Calculate the greatest common divisor of 381263 and 928.
29
Calculate the highest common factor of 5832 and 198.
18
Calculate the greatest common factor of 376407 and 108.
27
Calculate the highest common divisor of 330 and 38214.
66
Calculate the highest common factor of 867 and 23979.
3
Calculate the greatest common factor of 24 and 6776.
8
What is the highest common factor of 23836 and 944?
236
What is the greatest common factor of 167 and 5380907?
167
Calculate the greatest common factor of 34448 and 1632.
16
Calculate the greatest common divisor of 33280 and 78.
26
Calculate the highest common factor of 29115 and 368143.
647
What is the greatest common factor 